{"id":42299,"date":"2026-08-06T08:51:37","date_gmt":"2026-08-06T06:51:37","guid":{"rendered":"https:\/\/fyriresort.com\/activity\/via-ferrata-originalruta\/"},"modified":"2026-08-28T08:58:49","modified_gmt":"2026-08-28T06:58:49","slug":"via-ferrata-originalruta","status":"publish","type":"thing_to_do","link":"https:\/\/fyriresort.com\/no\/aktivitet\/via-ferrata-originalruta\/","title":{"rendered":"Via Ferrata \u2013 Originalruta"},"content":{"rendered":"\n<h3 class=\"wp-block-heading\"><strong><strong>(Utan erfaring)<\/strong><\/strong><br><strong>Pris:<\/strong>\u00a0990 NOK \/ person<br><strong>Anbefalt aldersgrense:<\/strong>\u00a012 \u00e5r<\/h3>\n\n\n\n<p class=\"wp-block-paragraph\">Via Ferrata betyr jernvei p\u00e5 italiensk og er enkelt fortalt klatreruter som g\u00e5r p\u00e5 installasjoner i bratt og vertikalt terreng.<\/p>\n\n\n\n<p class=\"wp-block-paragraph\">Erfarne guider tar deg trygt og sikkert opp bratte fjellsider og langs trange fjellhyller. Den tilrettelagte klatreruten f\u00f8rer deg helt til topps p\u00e5 vesle R\u00f8ggjin. Ruta har en vanskelighetsgrad p\u00e5 B, men noen punkter med grad C. Den passer for alle som vil ha en bratt og luftig tur til toppen av fjellet. Det kreves ingen forh\u00e5ndskunnskap innen klatring for \u00e5 bli med.<\/p>\n\n\n\n<p class=\"wp-block-paragraph\"><\/p>\n","protected":false},"excerpt":{"rendered":"<p>(Utan erfaring)Pris:\u00a0990 NOK \/ personAnbefalt aldersgrense:\u00a012 \u00e5r Via Ferrata betyr jernvei p\u00e5 italiensk og er enkelt fortalt klatreruter som g\u00e5r p\u00e5 installasjoner i bratt og vertikalt terreng. Erfarne guider tar deg trygt og sikkert opp bratte fjellsider og langs trange fjellhyller. Den tilrettelagte klatreruten f\u00f8rer deg helt til topps p\u00e5 vesle R\u00f8ggjin. Ruta har en vanskelighetsgrad p\u00e5 B, men noen punkter med grad C.  [&#8230;]<\/p>\n","protected":false},"author":15,"featured_media":20608,"template":"","meta":[],"ttd_category":[58],"class_list":["post-42299","thing_to_do","type-thing_to_do","status-publish","has-post-thumbnail","hentry","ttd_category-sommer"],"yoast_head":"<!-- This site is optimized with the Yoast SEO plugin v28.3 - https:\/\/yoast.com\/product\/yoast-seo-wordpress\/ -->\n<title>Via Ferrata \u2013 Originalruta | Fyri\u00ae<\/title>\n<meta name=\"robots\" content=\"index, follow, max-snippet:-1, max-image-preview:large, max-video-preview:-1\" \/>\n<link rel=\"canonical\" href=\"https:\/\/fyriresort.com\/no\/aktivitet\/via-ferrata-originalruta\/\" \/>\n<meta property=\"og:locale\" content=\"nb_NO\" \/>\n<meta property=\"og:type\" content=\"article\" \/>\n<meta property=\"og:title\" content=\"Via Ferrata \u2013 Originalruta | Fyri\u00ae\" \/>\n<meta property=\"og:description\" content=\"(Utan erfaring)Pris:\u00a0990 NOK \/ personAnbefalt aldersgrense:\u00a012 \u00e5r Via Ferrata betyr jernvei p\u00e5 italiensk og er enkelt fortalt klatreruter som g\u00e5r p\u00e5 installasjoner i bratt og vertikalt terreng. Erfarne guider tar deg trygt og sikkert opp bratte fjellsider og langs trange fjellhyller. Den tilrettelagte klatreruten f\u00f8rer deg helt til topps p\u00e5 vesle R\u00f8ggjin. Ruta har en vanskelighetsgrad p\u00e5 B, men noen punkter med grad C. [...]\" \/>\n<meta property=\"og:url\" content=\"https:\/\/fyriresort.com\/no\/aktivitet\/via-ferrata-originalruta\/\" \/>\n<meta property=\"og:site_name\" content=\"Fyri\u00ae\" \/>\n<meta property=\"article:publisher\" content=\"https:\/\/www.facebook.com\/FyriResort\" \/>\n<meta property=\"article:modified_time\" content=\"2026-08-28T06:58:49+00:00\" \/>\n<meta property=\"og:image\" content=\"https:\/\/fyriresort.com\/wp-content\/uploads\/2022\/04\/hemsedal-aktiv-via-ferratta-29.jpg\" \/>\n\t<meta property=\"og:image:width\" content=\"1000\" \/>\n\t<meta property=\"og:image:height\" content=\"600\" \/>\n\t<meta property=\"og:image:type\" content=\"image\/jpeg\" \/>\n<meta name=\"twitter:label1\" content=\"Ansl. lesetid\" \/>\n\t<meta name=\"twitter:data1\" content=\"1 minutt\" \/>\n<script type=\"application\/ld+json\" class=\"yoast-schema-graph\">{\"@context\":\"https:\\\/\\\/schema.org\",\"@graph\":[{\"@type\":\"WebPage\",\"@id\":\"https:\\\/\\\/fyriresort.com\\\/no\\\/aktivitet\\\/via-ferrata-originalruta\\\/\",\"url\":\"https:\\\/\\\/fyriresort.com\\\/no\\\/aktivitet\\\/via-ferrata-originalruta\\\/\",\"name\":\"Via Ferrata \u2013 Originalruta | Fyri\u00ae\",\"isPartOf\":{\"@id\":\"https:\\\/\\\/fyriresort.com\\\/no\\\/#website\"},\"primaryImageOfPage\":{\"@id\":\"https:\\\/\\\/fyriresort.com\\\/no\\\/aktivitet\\\/via-ferrata-originalruta\\\/#primaryimage\"},\"image\":{\"@id\":\"https:\\\/\\\/fyriresort.com\\\/no\\\/aktivitet\\\/via-ferrata-originalruta\\\/#primaryimage\"},\"thumbnailUrl\":\"https:\\\/\\\/fyriresort.com\\\/wp-content\\\/uploads\\\/2022\\\/04\\\/hemsedal-aktiv-via-ferratta-29.jpg\",\"datePublished\":\"2026-08-06T06:51:37+00:00\",\"dateModified\":\"2026-08-28T06:58:49+00:00\",\"breadcrumb\":{\"@id\":\"https:\\\/\\\/fyriresort.com\\\/no\\\/aktivitet\\\/via-ferrata-originalruta\\\/#breadcrumb\"},\"inLanguage\":\"nb-NO\",\"potentialAction\":[{\"@type\":\"ReadAction\",\"target\":[\"https:\\\/\\\/fyriresort.com\\\/no\\\/aktivitet\\\/via-ferrata-originalruta\\\/\"]}]},{\"@type\":\"ImageObject\",\"inLanguage\":\"nb-NO\",\"@id\":\"https:\\\/\\\/fyriresort.com\\\/no\\\/aktivitet\\\/via-ferrata-originalruta\\\/#primaryimage\",\"url\":\"https:\\\/\\\/fyriresort.com\\\/wp-content\\\/uploads\\\/2022\\\/04\\\/hemsedal-aktiv-via-ferratta-29.jpg\",\"contentUrl\":\"https:\\\/\\\/fyriresort.com\\\/wp-content\\\/uploads\\\/2022\\\/04\\\/hemsedal-aktiv-via-ferratta-29.jpg\",\"width\":1000,\"height\":600},{\"@type\":\"BreadcrumbList\",\"@id\":\"https:\\\/\\\/fyriresort.com\\\/no\\\/aktivitet\\\/via-ferrata-originalruta\\\/#breadcrumb\",\"itemListElement\":[{\"@type\":\"ListItem\",\"position\":1,\"name\":\"Home\",\"item\":\"https:\\\/\\\/fyriresort.com\\\/no\\\/\"},{\"@type\":\"ListItem\",\"position\":2,\"name\":\"Via Ferrata \u2013 Originalruta\"}]},{\"@type\":\"WebSite\",\"@id\":\"https:\\\/\\\/fyriresort.com\\\/no\\\/#website\",\"url\":\"https:\\\/\\\/fyriresort.com\\\/no\\\/\",\"name\":\"Fyri\u00ae\",\"description\":\"Resort of Norway\",\"publisher\":{\"@id\":\"https:\\\/\\\/fyriresort.com\\\/no\\\/#organization\"},\"potentialAction\":[{\"@type\":\"SearchAction\",\"target\":{\"@type\":\"EntryPoint\",\"urlTemplate\":\"https:\\\/\\\/fyriresort.com\\\/no\\\/?s={search_term_string}\"},\"query-input\":{\"@type\":\"PropertyValueSpecification\",\"valueRequired\":true,\"valueName\":\"search_term_string\"}}],\"inLanguage\":\"nb-NO\"},{\"@type\":\"Organization\",\"@id\":\"https:\\\/\\\/fyriresort.com\\\/no\\\/#organization\",\"name\":\"F\u00fdri Resort Hemsedal\",\"url\":\"https:\\\/\\\/fyriresort.com\\\/no\\\/\",\"logo\":{\"@type\":\"ImageObject\",\"inLanguage\":\"nb-NO\",\"@id\":\"https:\\\/\\\/fyriresort.com\\\/no\\\/#\\\/schema\\\/logo\\\/image\\\/\",\"url\":\"https:\\\/\\\/fyriresort.com\\\/wp-content\\\/uploads\\\/2026\\\/08\\\/Fyri_Resort_Icon.webp\",\"contentUrl\":\"https:\\\/\\\/fyriresort.com\\\/wp-content\\\/uploads\\\/2026\\\/08\\\/Fyri_Resort_Icon.webp\",\"width\":696,\"height\":696,\"caption\":\"F\u00fdri Resort Hemsedal\"},\"image\":{\"@id\":\"https:\\\/\\\/fyriresort.com\\\/no\\\/#\\\/schema\\\/logo\\\/image\\\/\"},\"sameAs\":[\"https:\\\/\\\/www.facebook.com\\\/FyriResort\"]}]}<\/script>\n<!-- \/ Yoast SEO plugin. -->","yoast_head_json":{"title":"Via Ferrata \u2013 Originalruta | Fyri\u00ae","robots":{"index":"index","follow":"follow","max-snippet":"max-snippet:-1","max-image-preview":"max-image-preview:large","max-video-preview":"max-video-preview:-1"},"canonical":"https:\/\/fyriresort.com\/no\/aktivitet\/via-ferrata-originalruta\/","og_locale":"nb_NO","og_type":"article","og_title":"Via Ferrata \u2013 Originalruta | Fyri\u00ae","og_description":"(Utan erfaring)Pris:\u00a0990 NOK \/ personAnbefalt aldersgrense:\u00a012 \u00e5r Via Ferrata betyr jernvei p\u00e5 italiensk og er enkelt fortalt klatreruter som g\u00e5r p\u00e5 installasjoner i bratt og vertikalt terreng. Erfarne guider tar deg trygt og sikkert opp bratte fjellsider og langs trange fjellhyller. Den tilrettelagte klatreruten f\u00f8rer deg helt til topps p\u00e5 vesle R\u00f8ggjin. Ruta har en vanskelighetsgrad p\u00e5 B, men noen punkter med grad C. [...]","og_url":"https:\/\/fyriresort.com\/no\/aktivitet\/via-ferrata-originalruta\/","og_site_name":"Fyri\u00ae","article_publisher":"https:\/\/www.facebook.com\/FyriResort","article_modified_time":"2026-08-28T06:58:49+00:00","og_image":[{"width":1000,"height":600,"url":"https:\/\/fyriresort.com\/wp-content\/uploads\/2022\/04\/hemsedal-aktiv-via-ferratta-29.jpg","type":"image\/jpeg"}],"twitter_misc":{"Ansl. lesetid":"1 minutt"},"schema":{"@context":"https:\/\/schema.org","@graph":[{"@type":"WebPage","@id":"https:\/\/fyriresort.com\/no\/aktivitet\/via-ferrata-originalruta\/","url":"https:\/\/fyriresort.com\/no\/aktivitet\/via-ferrata-originalruta\/","name":"Via Ferrata \u2013 Originalruta | Fyri\u00ae","isPartOf":{"@id":"https:\/\/fyriresort.com\/no\/#website"},"primaryImageOfPage":{"@id":"https:\/\/fyriresort.com\/no\/aktivitet\/via-ferrata-originalruta\/#primaryimage"},"image":{"@id":"https:\/\/fyriresort.com\/no\/aktivitet\/via-ferrata-originalruta\/#primaryimage"},"thumbnailUrl":"https:\/\/fyriresort.com\/wp-content\/uploads\/2022\/04\/hemsedal-aktiv-via-ferratta-29.jpg","datePublished":"2026-08-06T06:51:37+00:00","dateModified":"2026-08-28T06:58:49+00:00","breadcrumb":{"@id":"https:\/\/fyriresort.com\/no\/aktivitet\/via-ferrata-originalruta\/#breadcrumb"},"inLanguage":"nb-NO","potentialAction":[{"@type":"ReadAction","target":["https:\/\/fyriresort.com\/no\/aktivitet\/via-ferrata-originalruta\/"]}]},{"@type":"ImageObject","inLanguage":"nb-NO","@id":"https:\/\/fyriresort.com\/no\/aktivitet\/via-ferrata-originalruta\/#primaryimage","url":"https:\/\/fyriresort.com\/wp-content\/uploads\/2022\/04\/hemsedal-aktiv-via-ferratta-29.jpg","contentUrl":"https:\/\/fyriresort.com\/wp-content\/uploads\/2022\/04\/hemsedal-aktiv-via-ferratta-29.jpg","width":1000,"height":600},{"@type":"BreadcrumbList","@id":"https:\/\/fyriresort.com\/no\/aktivitet\/via-ferrata-originalruta\/#breadcrumb","itemListElement":[{"@type":"ListItem","position":1,"name":"Home","item":"https:\/\/fyriresort.com\/no\/"},{"@type":"ListItem","position":2,"name":"Via Ferrata \u2013 Originalruta"}]},{"@type":"WebSite","@id":"https:\/\/fyriresort.com\/no\/#website","url":"https:\/\/fyriresort.com\/no\/","name":"Fyri\u00ae","description":"Resort of Norway","publisher":{"@id":"https:\/\/fyriresort.com\/no\/#organization"},"potentialAction":[{"@type":"SearchAction","target":{"@type":"EntryPoint","urlTemplate":"https:\/\/fyriresort.com\/no\/?s={search_term_string}"},"query-input":{"@type":"PropertyValueSpecification","valueRequired":true,"valueName":"search_term_string"}}],"inLanguage":"nb-NO"},{"@type":"Organization","@id":"https:\/\/fyriresort.com\/no\/#organization","name":"F\u00fdri Resort Hemsedal","url":"https:\/\/fyriresort.com\/no\/","logo":{"@type":"ImageObject","inLanguage":"nb-NO","@id":"https:\/\/fyriresort.com\/no\/#\/schema\/logo\/image\/","url":"https:\/\/fyriresort.com\/wp-content\/uploads\/2026\/08\/Fyri_Resort_Icon.webp","contentUrl":"https:\/\/fyriresort.com\/wp-content\/uploads\/2026\/08\/Fyri_Resort_Icon.webp","width":696,"height":696,"caption":"F\u00fdri Resort Hemsedal"},"image":{"@id":"https:\/\/fyriresort.com\/no\/#\/schema\/logo\/image\/"},"sameAs":["https:\/\/www.facebook.com\/FyriResort"]}]}},"_links":{"self":[{"href":"https:\/\/fyriresort.com\/no\/wp-json\/wp\/v2\/thing_to_do\/42299","targetHints":{"allow":["GET"]}}],"collection":[{"href":"https:\/\/fyriresort.com\/no\/wp-json\/wp\/v2\/thing_to_do"}],"about":[{"href":"https:\/\/fyriresort.com\/no\/wp-json\/wp\/v2\/types\/thing_to_do"}],"author":[{"embeddable":true,"href":"https:\/\/fyriresort.com\/no\/wp-json\/wp\/v2\/users\/15"}],"wp:featuredmedia":[{"embeddable":true,"href":"https:\/\/fyriresort.com\/no\/wp-json\/wp\/v2\/media\/20608"}],"wp:attachment":[{"href":"https:\/\/fyriresort.com\/no\/wp-json\/wp\/v2\/media?parent=42299"}],"wp:term":[{"taxonomy":"ttd_category","embeddable":true,"href":"https:\/\/fyriresort.com\/no\/wp-json\/wp\/v2\/ttd_category?post=42299"}],"curies":[{"name":"wp","href":"https:\/\/api.w.org\/{rel}","templated":true}]}}

<h3 class="wp-block-heading"><strong><strong>(Utan erfaring)</strong></strong><br><strong>Pris:</strong> 990 NOK / person<br><strong>Anbefalt aldersgrense:</strong> 12 år</h3>



<p class="wp-block-paragraph">Via Ferrata betyr jernvei på italiensk og er enkelt fortalt klatreruter som går på installasjoner i bratt og vertikalt terreng.</p>



<p class="wp-block-paragraph">Erfarne guider tar deg trygt og sikkert opp bratte fjellsider og langs trange fjellhyller. Den tilrettelagte klatreruten fører deg helt til topps på vesle Røggjin. Ruta har en vanskelighetsgrad på B, men noen punkter med grad C. Den passer for alle som vil ha en bratt og luftig tur til toppen av fjellet. Det kreves ingen forhåndskunnskap innen klatring for å bli med.</p>



<p class="wp-block-paragraph"></p>

<p>(Utan erfaring)Pris: 990 NOK / personAnbefalt aldersgrense: 12 år Via Ferrata betyr jernvei på italiensk og er enkelt fortalt klatreruter som går på installasjoner i bratt og vertikalt terreng. Erfarne guider tar deg trygt og sikkert opp bratte fjellsider og langs trange fjellhyller. Den tilrettelagte klatreruten fører deg helt til topps på vesle Røggjin. Ruta har en vanskelighetsgrad på B, men noen punkter med grad C.  [&#8230;]</p>

<!-- This site is optimized with the Yoast SEO plugin v28.3 - https://yoast.com/product/yoast-seo-wordpress/ -->
<title>Via Ferrata – Originalruta | Fyri®</title>
<meta name="robots" content="index, follow, max-snippet:-1, max-image-preview:large, max-video-preview:-1" />
<link rel="canonical" href="https://fyriresort.com/no/aktivitet/via-ferrata-originalruta/" />
<meta property="og:locale" content="nb_NO" />
<meta property="og:type" content="article" />
<meta property="og:title" content="Via Ferrata – Originalruta | Fyri®" />
<meta property="og:description" content="(Utan erfaring)Pris: 990 NOK / personAnbefalt aldersgrense: 12 år Via Ferrata betyr jernvei på italiensk og er enkelt fortalt klatreruter som går på installasjoner i bratt og vertikalt terreng. Erfarne guider tar deg trygt og sikkert opp bratte fjellsider og langs trange fjellhyller. Den tilrettelagte klatreruten fører deg helt til topps på vesle Røggjin. Ruta har en vanskelighetsgrad på B, men noen punkter med grad C. [...]" />
<meta property="og:url" content="https://fyriresort.com/no/aktivitet/via-ferrata-originalruta/" />
<meta property="og:site_name" content="Fyri®" />
<meta property="article:publisher" content="https://www.facebook.com/FyriResort" />
<meta property="article:modified_time" content="2026-08-28T06:58:49+00:00" />
<meta property="og:image" content="https://fyriresort.com/wp-content/uploads/2022/04/hemsedal-aktiv-via-ferratta-29.jpg" />
	<meta property="og:image:width" content="1000" />
	<meta property="og:image:height" content="600" />
	<meta property="og:image:type" content="image/jpeg" />
<meta name="twitter:label1" content="Ansl. lesetid" />
	<meta name="twitter:data1" content="1 minutt" />
<script type="application/ld+json" class="yoast-schema-graph">{"@context":"https:\/\/schema.org","@graph":[{"@type":"WebPage","@id":"https:\/\/fyriresort.com\/no\/aktivitet\/via-ferrata-originalruta\/","url":"https:\/\/fyriresort.com\/no\/aktivitet\/via-ferrata-originalruta\/","name":"Via Ferrata – Originalruta | Fyri®","isPartOf":{"@id":"https:\/\/fyriresort.com\/no\/#website"},"primaryImageOfPage":{"@id":"https:\/\/fyriresort.com\/no\/aktivitet\/via-ferrata-originalruta\/#primaryimage"},"image":{"@id":"https:\/\/fyriresort.com\/no\/aktivitet\/via-ferrata-originalruta\/#primaryimage"},"thumbnailUrl":"https:\/\/fyriresort.com\/wp-content\/uploads\/2022\/04\/hemsedal-aktiv-via-ferratta-29.jpg","datePublished":"2026-08-06T06:51:37+00:00","dateModified":"2026-08-28T06:58:49+00:00","breadcrumb":{"@id":"https:\/\/fyriresort.com\/no\/aktivitet\/via-ferrata-originalruta\/#breadcrumb"},"inLanguage":"nb-NO","potentialAction":[{"@type":"ReadAction","target":["https:\/\/fyriresort.com\/no\/aktivitet\/via-ferrata-originalruta\/"]}]},{"@type":"ImageObject","inLanguage":"nb-NO","@id":"https:\/\/fyriresort.com\/no\/aktivitet\/via-ferrata-originalruta\/#primaryimage","url":"https:\/\/fyriresort.com\/wp-content\/uploads\/2022\/04\/hemsedal-aktiv-via-ferratta-29.jpg","contentUrl":"https:\/\/fyriresort.com\/wp-content\/uploads\/2022\/04\/hemsedal-aktiv-via-ferratta-29.jpg","width":1000,"height":600},{"@type":"BreadcrumbList","@id":"https:\/\/fyriresort.com\/no\/aktivitet\/via-ferrata-originalruta\/#breadcrumb","itemListElement":[{"@type":"ListItem","position":1,"name":"Home","item":"https:\/\/fyriresort.com\/no\/"},{"@type":"ListItem","position":2,"name":"Via Ferrata – Originalruta"}]},{"@type":"WebSite","@id":"https:\/\/fyriresort.com\/no\/#website","url":"https:\/\/fyriresort.com\/no\/","name":"Fyri®","description":"Resort of Norway","publisher":{"@id":"https:\/\/fyriresort.com\/no\/#organization"},"potentialAction":[{"@type":"SearchAction","target":{"@type":"EntryPoint","urlTemplate":"https:\/\/fyriresort.com\/no\/?s={search_term_string}"},"query-input":{"@type":"PropertyValueSpecification","valueRequired":true,"valueName":"search_term_string"}}],"inLanguage":"nb-NO"},{"@type":"Organization","@id":"https:\/\/fyriresort.com\/no\/#organization","name":"Fýri Resort Hemsedal","url":"https:\/\/fyriresort.com\/no\/","logo":{"@type":"ImageObject","inLanguage":"nb-NO","@id":"https:\/\/fyriresort.com\/no\/#\/schema\/logo\/image\/","url":"https:\/\/fyriresort.com\/wp-content\/uploads\/2026\/08\/Fyri_Resort_Icon.webp","contentUrl":"https:\/\/fyriresort.com\/wp-content\/uploads\/2026\/08\/Fyri_Resort_Icon.webp","width":696,"height":696,"caption":"Fýri Resort Hemsedal"},"image":{"@id":"https:\/\/fyriresort.com\/no\/#\/schema\/logo\/image\/"},"sameAs":["https:\/\/www.facebook.com\/FyriResort"]}]}</script>
<!-- / Yoast SEO plugin. -->

(Utan erfaring)Pris: 990 NOK / personAnbefalt aldersgrense: 12 år Via Ferrata betyr jernvei på italiensk og er enkelt fortalt klatreruter som går på installasjoner i bratt og vertikalt terreng. Erfarne guider tar deg trygt og sikkert opp bratte fjellsider og langs trange fjellhyller. Den tilrettelagte klatreruten fører deg helt til topps på vesle Røggjin. Ruta har en vanskelighetsgrad på B, men noen punkter med grad C. [...]

Fýri Resort Hemsedal
