{"id":42297,"date":"2026-08-06T08:58:12","date_gmt":"2026-08-06T06:58:12","guid":{"rendered":"https:\/\/fyriresort.com\/activity\/via-ferrata-south-wall\/"},"modified":"2026-08-28T08:46:36","modified_gmt":"2026-08-28T06:46:36","slug":"via-ferrata-sorveggen","status":"publish","type":"thing_to_do","link":"https:\/\/fyriresort.com\/no\/aktivitet\/via-ferrata-sorveggen\/","title":{"rendered":"Via Ferrata \u2013 S\u00f8rveggen"},"content":{"rendered":"\n<h3 class=\"wp-block-heading\"><strong><strong>(Erfaring kreves)<\/strong><\/strong><br><strong>Pris:<\/strong>\u00a01050 NOK \/ person<br><strong>Anbefalt aldersgrense:<\/strong>\u00a012 \u00e5r<br>Dette er en litt lengre og mer krevende tur enn Originalruta. Ruta har felles start med originalruta og g\u00e5r inn i S\u00f8rveggen etter hvert.<\/h3>\n\n\n\n<p class=\"wp-block-paragraph\">Dette er en litt lengre og mer krevende tur enn Originalruta. Ruta har felles start med originalruta og g\u00e5r inn i S\u00f8rveggen etter hvert.<\/p>\n\n\n\n<p class=\"wp-block-paragraph\">Passer for deg som har klatret via ferrata tidligere eller har annen klatreerfaring. Deler av ruta er lett overhengende og ett av h\u00f8ydepunktene balanse p\u00e5 line midt i ruta. Ruta er gradert grad D\/C.<\/p>\n\n\n\n<p class=\"wp-block-paragraph\"><\/p>\n","protected":false},"excerpt":{"rendered":"<p>(Erfaring kreves)Pris:\u00a01050 NOK \/ personAnbefalt aldersgrense:\u00a012 \u00e5rDette er en litt lengre og mer krevende tur enn Originalruta. Ruta har felles start med originalruta og g\u00e5r inn i S\u00f8rveggen etter hvert. Dette er en litt lengre og mer krevende tur enn Originalruta. Ruta har felles start med originalruta og g\u00e5r inn i S\u00f8rveggen etter hvert. Passer for deg som har klatret via ferrata tidligere eller  [&#8230;]<\/p>\n","protected":false},"author":15,"featured_media":6518,"template":"","meta":[],"ttd_category":[58],"class_list":["post-42297","thing_to_do","type-thing_to_do","status-publish","has-post-thumbnail","hentry","ttd_category-sommer"],"yoast_head":"<!-- This site is optimized with the Yoast SEO plugin v28.3 - https:\/\/yoast.com\/product\/yoast-seo-wordpress\/ -->\n<title>Via Ferrata \u2013 S\u00f8rveggen | Fyri\u00ae<\/title>\n<meta name=\"robots\" content=\"index, follow, max-snippet:-1, max-image-preview:large, max-video-preview:-1\" \/>\n<link rel=\"canonical\" href=\"https:\/\/fyriresort.com\/no\/aktivitet\/via-ferrata-sorveggen\/\" \/>\n<meta property=\"og:locale\" content=\"nb_NO\" \/>\n<meta property=\"og:type\" content=\"article\" \/>\n<meta property=\"og:title\" content=\"Via Ferrata \u2013 S\u00f8rveggen | Fyri\u00ae\" \/>\n<meta property=\"og:description\" content=\"(Erfaring kreves)Pris:\u00a01050 NOK \/ personAnbefalt aldersgrense:\u00a012 \u00e5rDette er en litt lengre og mer krevende tur enn Originalruta. Ruta har felles start med originalruta og g\u00e5r inn i S\u00f8rveggen etter hvert. Dette er en litt lengre og mer krevende tur enn Originalruta. Ruta har felles start med originalruta og g\u00e5r inn i S\u00f8rveggen etter hvert. Passer for deg som har klatret via ferrata tidligere eller [...]\" \/>\n<meta property=\"og:url\" content=\"https:\/\/fyriresort.com\/no\/aktivitet\/via-ferrata-sorveggen\/\" \/>\n<meta property=\"og:site_name\" content=\"Fyri\u00ae\" \/>\n<meta property=\"article:publisher\" content=\"https:\/\/www.facebook.com\/FyriResort\" \/>\n<meta property=\"article:modified_time\" content=\"2026-08-28T06:46:36+00:00\" \/>\n<meta property=\"og:image\" content=\"https:\/\/fyriresort.com\/wp-content\/uploads\/2019\/11\/via-feratta-fyri-hemsedal.jpg\" \/>\n\t<meta property=\"og:image:width\" content=\"1500\" \/>\n\t<meta property=\"og:image:height\" content=\"1248\" \/>\n\t<meta property=\"og:image:type\" content=\"image\/jpeg\" \/>\n<meta name=\"twitter:label1\" content=\"Ansl. lesetid\" \/>\n\t<meta name=\"twitter:data1\" content=\"1 minutt\" \/>\n<script type=\"application\/ld+json\" class=\"yoast-schema-graph\">{\"@context\":\"https:\\\/\\\/schema.org\",\"@graph\":[{\"@type\":\"WebPage\",\"@id\":\"https:\\\/\\\/fyriresort.com\\\/no\\\/aktivitet\\\/via-ferrata-sorveggen\\\/\",\"url\":\"https:\\\/\\\/fyriresort.com\\\/no\\\/aktivitet\\\/via-ferrata-sorveggen\\\/\",\"name\":\"Via Ferrata \u2013 S\u00f8rveggen | Fyri\u00ae\",\"isPartOf\":{\"@id\":\"https:\\\/\\\/fyriresort.com\\\/no\\\/#website\"},\"primaryImageOfPage\":{\"@id\":\"https:\\\/\\\/fyriresort.com\\\/no\\\/aktivitet\\\/via-ferrata-sorveggen\\\/#primaryimage\"},\"image\":{\"@id\":\"https:\\\/\\\/fyriresort.com\\\/no\\\/aktivitet\\\/via-ferrata-sorveggen\\\/#primaryimage\"},\"thumbnailUrl\":\"https:\\\/\\\/fyriresort.com\\\/wp-content\\\/uploads\\\/2019\\\/11\\\/via-feratta-fyri-hemsedal.jpg\",\"datePublished\":\"2026-08-06T06:58:12+00:00\",\"dateModified\":\"2026-08-28T06:46:36+00:00\",\"breadcrumb\":{\"@id\":\"https:\\\/\\\/fyriresort.com\\\/no\\\/aktivitet\\\/via-ferrata-sorveggen\\\/#breadcrumb\"},\"inLanguage\":\"nb-NO\",\"potentialAction\":[{\"@type\":\"ReadAction\",\"target\":[\"https:\\\/\\\/fyriresort.com\\\/no\\\/aktivitet\\\/via-ferrata-sorveggen\\\/\"]}]},{\"@type\":\"ImageObject\",\"inLanguage\":\"nb-NO\",\"@id\":\"https:\\\/\\\/fyriresort.com\\\/no\\\/aktivitet\\\/via-ferrata-sorveggen\\\/#primaryimage\",\"url\":\"https:\\\/\\\/fyriresort.com\\\/wp-content\\\/uploads\\\/2019\\\/11\\\/via-feratta-fyri-hemsedal.jpg\",\"contentUrl\":\"https:\\\/\\\/fyriresort.com\\\/wp-content\\\/uploads\\\/2019\\\/11\\\/via-feratta-fyri-hemsedal.jpg\",\"width\":1500,\"height\":1248},{\"@type\":\"BreadcrumbList\",\"@id\":\"https:\\\/\\\/fyriresort.com\\\/no\\\/aktivitet\\\/via-ferrata-sorveggen\\\/#breadcrumb\",\"itemListElement\":[{\"@type\":\"ListItem\",\"position\":1,\"name\":\"Home\",\"item\":\"https:\\\/\\\/fyriresort.com\\\/no\\\/\"},{\"@type\":\"ListItem\",\"position\":2,\"name\":\"Via Ferrata \u2013 S\u00f8rveggen\"}]},{\"@type\":\"WebSite\",\"@id\":\"https:\\\/\\\/fyriresort.com\\\/no\\\/#website\",\"url\":\"https:\\\/\\\/fyriresort.com\\\/no\\\/\",\"name\":\"Fyri\u00ae\",\"description\":\"Resort of Norway\",\"publisher\":{\"@id\":\"https:\\\/\\\/fyriresort.com\\\/no\\\/#organization\"},\"potentialAction\":[{\"@type\":\"SearchAction\",\"target\":{\"@type\":\"EntryPoint\",\"urlTemplate\":\"https:\\\/\\\/fyriresort.com\\\/no\\\/?s={search_term_string}\"},\"query-input\":{\"@type\":\"PropertyValueSpecification\",\"valueRequired\":true,\"valueName\":\"search_term_string\"}}],\"inLanguage\":\"nb-NO\"},{\"@type\":\"Organization\",\"@id\":\"https:\\\/\\\/fyriresort.com\\\/no\\\/#organization\",\"name\":\"F\u00fdri Resort Hemsedal\",\"url\":\"https:\\\/\\\/fyriresort.com\\\/no\\\/\",\"logo\":{\"@type\":\"ImageObject\",\"inLanguage\":\"nb-NO\",\"@id\":\"https:\\\/\\\/fyriresort.com\\\/no\\\/#\\\/schema\\\/logo\\\/image\\\/\",\"url\":\"https:\\\/\\\/fyriresort.com\\\/wp-content\\\/uploads\\\/2026\\\/08\\\/Fyri_Resort_Icon.webp\",\"contentUrl\":\"https:\\\/\\\/fyriresort.com\\\/wp-content\\\/uploads\\\/2026\\\/08\\\/Fyri_Resort_Icon.webp\",\"width\":696,\"height\":696,\"caption\":\"F\u00fdri Resort Hemsedal\"},\"image\":{\"@id\":\"https:\\\/\\\/fyriresort.com\\\/no\\\/#\\\/schema\\\/logo\\\/image\\\/\"},\"sameAs\":[\"https:\\\/\\\/www.facebook.com\\\/FyriResort\"]}]}<\/script>\n<!-- \/ Yoast SEO plugin. -->","yoast_head_json":{"title":"Via Ferrata \u2013 S\u00f8rveggen | Fyri\u00ae","robots":{"index":"index","follow":"follow","max-snippet":"max-snippet:-1","max-image-preview":"max-image-preview:large","max-video-preview":"max-video-preview:-1"},"canonical":"https:\/\/fyriresort.com\/no\/aktivitet\/via-ferrata-sorveggen\/","og_locale":"nb_NO","og_type":"article","og_title":"Via Ferrata \u2013 S\u00f8rveggen | Fyri\u00ae","og_description":"(Erfaring kreves)Pris:\u00a01050 NOK \/ personAnbefalt aldersgrense:\u00a012 \u00e5rDette er en litt lengre og mer krevende tur enn Originalruta. Ruta har felles start med originalruta og g\u00e5r inn i S\u00f8rveggen etter hvert. Dette er en litt lengre og mer krevende tur enn Originalruta. Ruta har felles start med originalruta og g\u00e5r inn i S\u00f8rveggen etter hvert. Passer for deg som har klatret via ferrata tidligere eller [...]","og_url":"https:\/\/fyriresort.com\/no\/aktivitet\/via-ferrata-sorveggen\/","og_site_name":"Fyri\u00ae","article_publisher":"https:\/\/www.facebook.com\/FyriResort","article_modified_time":"2026-08-28T06:46:36+00:00","og_image":[{"width":1500,"height":1248,"url":"https:\/\/fyriresort.com\/wp-content\/uploads\/2019\/11\/via-feratta-fyri-hemsedal.jpg","type":"image\/jpeg"}],"twitter_misc":{"Ansl. lesetid":"1 minutt"},"schema":{"@context":"https:\/\/schema.org","@graph":[{"@type":"WebPage","@id":"https:\/\/fyriresort.com\/no\/aktivitet\/via-ferrata-sorveggen\/","url":"https:\/\/fyriresort.com\/no\/aktivitet\/via-ferrata-sorveggen\/","name":"Via Ferrata \u2013 S\u00f8rveggen | Fyri\u00ae","isPartOf":{"@id":"https:\/\/fyriresort.com\/no\/#website"},"primaryImageOfPage":{"@id":"https:\/\/fyriresort.com\/no\/aktivitet\/via-ferrata-sorveggen\/#primaryimage"},"image":{"@id":"https:\/\/fyriresort.com\/no\/aktivitet\/via-ferrata-sorveggen\/#primaryimage"},"thumbnailUrl":"https:\/\/fyriresort.com\/wp-content\/uploads\/2019\/11\/via-feratta-fyri-hemsedal.jpg","datePublished":"2026-08-06T06:58:12+00:00","dateModified":"2026-08-28T06:46:36+00:00","breadcrumb":{"@id":"https:\/\/fyriresort.com\/no\/aktivitet\/via-ferrata-sorveggen\/#breadcrumb"},"inLanguage":"nb-NO","potentialAction":[{"@type":"ReadAction","target":["https:\/\/fyriresort.com\/no\/aktivitet\/via-ferrata-sorveggen\/"]}]},{"@type":"ImageObject","inLanguage":"nb-NO","@id":"https:\/\/fyriresort.com\/no\/aktivitet\/via-ferrata-sorveggen\/#primaryimage","url":"https:\/\/fyriresort.com\/wp-content\/uploads\/2019\/11\/via-feratta-fyri-hemsedal.jpg","contentUrl":"https:\/\/fyriresort.com\/wp-content\/uploads\/2019\/11\/via-feratta-fyri-hemsedal.jpg","width":1500,"height":1248},{"@type":"BreadcrumbList","@id":"https:\/\/fyriresort.com\/no\/aktivitet\/via-ferrata-sorveggen\/#breadcrumb","itemListElement":[{"@type":"ListItem","position":1,"name":"Home","item":"https:\/\/fyriresort.com\/no\/"},{"@type":"ListItem","position":2,"name":"Via Ferrata \u2013 S\u00f8rveggen"}]},{"@type":"WebSite","@id":"https:\/\/fyriresort.com\/no\/#website","url":"https:\/\/fyriresort.com\/no\/","name":"Fyri\u00ae","description":"Resort of Norway","publisher":{"@id":"https:\/\/fyriresort.com\/no\/#organization"},"potentialAction":[{"@type":"SearchAction","target":{"@type":"EntryPoint","urlTemplate":"https:\/\/fyriresort.com\/no\/?s={search_term_string}"},"query-input":{"@type":"PropertyValueSpecification","valueRequired":true,"valueName":"search_term_string"}}],"inLanguage":"nb-NO"},{"@type":"Organization","@id":"https:\/\/fyriresort.com\/no\/#organization","name":"F\u00fdri Resort Hemsedal","url":"https:\/\/fyriresort.com\/no\/","logo":{"@type":"ImageObject","inLanguage":"nb-NO","@id":"https:\/\/fyriresort.com\/no\/#\/schema\/logo\/image\/","url":"https:\/\/fyriresort.com\/wp-content\/uploads\/2026\/08\/Fyri_Resort_Icon.webp","contentUrl":"https:\/\/fyriresort.com\/wp-content\/uploads\/2026\/08\/Fyri_Resort_Icon.webp","width":696,"height":696,"caption":"F\u00fdri Resort Hemsedal"},"image":{"@id":"https:\/\/fyriresort.com\/no\/#\/schema\/logo\/image\/"},"sameAs":["https:\/\/www.facebook.com\/FyriResort"]}]}},"_links":{"self":[{"href":"https:\/\/fyriresort.com\/no\/wp-json\/wp\/v2\/thing_to_do\/42297","targetHints":{"allow":["GET"]}}],"collection":[{"href":"https:\/\/fyriresort.com\/no\/wp-json\/wp\/v2\/thing_to_do"}],"about":[{"href":"https:\/\/fyriresort.com\/no\/wp-json\/wp\/v2\/types\/thing_to_do"}],"author":[{"embeddable":true,"href":"https:\/\/fyriresort.com\/no\/wp-json\/wp\/v2\/users\/15"}],"wp:featuredmedia":[{"embeddable":true,"href":"https:\/\/fyriresort.com\/no\/wp-json\/wp\/v2\/media\/6518"}],"wp:attachment":[{"href":"https:\/\/fyriresort.com\/no\/wp-json\/wp\/v2\/media?parent=42297"}],"wp:term":[{"taxonomy":"ttd_category","embeddable":true,"href":"https:\/\/fyriresort.com\/no\/wp-json\/wp\/v2\/ttd_category?post=42297"}],"curies":[{"name":"wp","href":"https:\/\/api.w.org\/{rel}","templated":true}]}}

Via Ferrata – Sørveggen

<h3 class="wp-block-heading"><strong><strong>(Erfaring kreves)</strong></strong><br><strong>Pris:</strong> 1050 NOK / person<br><strong>Anbefalt aldersgrense:</strong> 12 år<br>Dette er en litt lengre og mer krevende tur enn Originalruta. Ruta har felles start med originalruta og går inn i Sørveggen etter hvert.</h3>



<p class="wp-block-paragraph">Dette er en litt lengre og mer krevende tur enn Originalruta. Ruta har felles start med originalruta og går inn i Sørveggen etter hvert.</p>



<p class="wp-block-paragraph">Passer for deg som har klatret via ferrata tidligere eller har annen klatreerfaring. Deler av ruta er lett overhengende og ett av høydepunktene balanse på line midt i ruta. Ruta er gradert grad D/C.</p>



<p class="wp-block-paragraph"></p>

<p>(Erfaring kreves)Pris: 1050 NOK / personAnbefalt aldersgrense: 12 årDette er en litt lengre og mer krevende tur enn Originalruta. Ruta har felles start med originalruta og går inn i Sørveggen etter hvert. Dette er en litt lengre og mer krevende tur enn Originalruta. Ruta har felles start med originalruta og går inn i Sørveggen etter hvert. Passer for deg som har klatret via ferrata tidligere eller  [&#8230;]</p>

<!-- This site is optimized with the Yoast SEO plugin v28.3 - https://yoast.com/product/yoast-seo-wordpress/ -->
<title>Via Ferrata – Sørveggen | Fyri®</title>
<meta name="robots" content="index, follow, max-snippet:-1, max-image-preview:large, max-video-preview:-1" />
<link rel="canonical" href="https://fyriresort.com/no/aktivitet/via-ferrata-sorveggen/" />
<meta property="og:locale" content="nb_NO" />
<meta property="og:type" content="article" />
<meta property="og:title" content="Via Ferrata – Sørveggen | Fyri®" />
<meta property="og:description" content="(Erfaring kreves)Pris: 1050 NOK / personAnbefalt aldersgrense: 12 årDette er en litt lengre og mer krevende tur enn Originalruta. Ruta har felles start med originalruta og går inn i Sørveggen etter hvert. Dette er en litt lengre og mer krevende tur enn Originalruta. Ruta har felles start med originalruta og går inn i Sørveggen etter hvert. Passer for deg som har klatret via ferrata tidligere eller [...]" />
<meta property="og:url" content="https://fyriresort.com/no/aktivitet/via-ferrata-sorveggen/" />
<meta property="og:site_name" content="Fyri®" />
<meta property="article:publisher" content="https://www.facebook.com/FyriResort" />
<meta property="article:modified_time" content="2026-08-28T06:46:36+00:00" />
<meta property="og:image" content="https://fyriresort.com/wp-content/uploads/2019/11/via-feratta-fyri-hemsedal.jpg" />
	<meta property="og:image:width" content="1500" />
	<meta property="og:image:height" content="1248" />
	<meta property="og:image:type" content="image/jpeg" />
<meta name="twitter:label1" content="Ansl. lesetid" />
	<meta name="twitter:data1" content="1 minutt" />
<script type="application/ld+json" class="yoast-schema-graph">{"@context":"https:\/\/schema.org","@graph":[{"@type":"WebPage","@id":"https:\/\/fyriresort.com\/no\/aktivitet\/via-ferrata-sorveggen\/","url":"https:\/\/fyriresort.com\/no\/aktivitet\/via-ferrata-sorveggen\/","name":"Via Ferrata – Sørveggen | Fyri®","isPartOf":{"@id":"https:\/\/fyriresort.com\/no\/#website"},"primaryImageOfPage":{"@id":"https:\/\/fyriresort.com\/no\/aktivitet\/via-ferrata-sorveggen\/#primaryimage"},"image":{"@id":"https:\/\/fyriresort.com\/no\/aktivitet\/via-ferrata-sorveggen\/#primaryimage"},"thumbnailUrl":"https:\/\/fyriresort.com\/wp-content\/uploads\/2019\/11\/via-feratta-fyri-hemsedal.jpg","datePublished":"2026-08-06T06:58:12+00:00","dateModified":"2026-08-28T06:46:36+00:00","breadcrumb":{"@id":"https:\/\/fyriresort.com\/no\/aktivitet\/via-ferrata-sorveggen\/#breadcrumb"},"inLanguage":"nb-NO","potentialAction":[{"@type":"ReadAction","target":["https:\/\/fyriresort.com\/no\/aktivitet\/via-ferrata-sorveggen\/"]}]},{"@type":"ImageObject","inLanguage":"nb-NO","@id":"https:\/\/fyriresort.com\/no\/aktivitet\/via-ferrata-sorveggen\/#primaryimage","url":"https:\/\/fyriresort.com\/wp-content\/uploads\/2019\/11\/via-feratta-fyri-hemsedal.jpg","contentUrl":"https:\/\/fyriresort.com\/wp-content\/uploads\/2019\/11\/via-feratta-fyri-hemsedal.jpg","width":1500,"height":1248},{"@type":"BreadcrumbList","@id":"https:\/\/fyriresort.com\/no\/aktivitet\/via-ferrata-sorveggen\/#breadcrumb","itemListElement":[{"@type":"ListItem","position":1,"name":"Home","item":"https:\/\/fyriresort.com\/no\/"},{"@type":"ListItem","position":2,"name":"Via Ferrata – Sørveggen"}]},{"@type":"WebSite","@id":"https:\/\/fyriresort.com\/no\/#website","url":"https:\/\/fyriresort.com\/no\/","name":"Fyri®","description":"Resort of Norway","publisher":{"@id":"https:\/\/fyriresort.com\/no\/#organization"},"potentialAction":[{"@type":"SearchAction","target":{"@type":"EntryPoint","urlTemplate":"https:\/\/fyriresort.com\/no\/?s={search_term_string}"},"query-input":{"@type":"PropertyValueSpecification","valueRequired":true,"valueName":"search_term_string"}}],"inLanguage":"nb-NO"},{"@type":"Organization","@id":"https:\/\/fyriresort.com\/no\/#organization","name":"Fýri Resort Hemsedal","url":"https:\/\/fyriresort.com\/no\/","logo":{"@type":"ImageObject","inLanguage":"nb-NO","@id":"https:\/\/fyriresort.com\/no\/#\/schema\/logo\/image\/","url":"https:\/\/fyriresort.com\/wp-content\/uploads\/2026\/08\/Fyri_Resort_Icon.webp","contentUrl":"https:\/\/fyriresort.com\/wp-content\/uploads\/2026\/08\/Fyri_Resort_Icon.webp","width":696,"height":696,"caption":"Fýri Resort Hemsedal"},"image":{"@id":"https:\/\/fyriresort.com\/no\/#\/schema\/logo\/image\/"},"sameAs":["https:\/\/www.facebook.com\/FyriResort"]}]}</script>
<!-- / Yoast SEO plugin. -->

Via Ferrata – Sørveggen | Fyri®

(Erfaring kreves)Pris: 1050 NOK / personAnbefalt aldersgrense: 12 årDette er en litt lengre og mer krevende tur enn Originalruta. Ruta har felles start med originalruta og går inn i Sørveggen etter hvert. Dette er en litt lengre og mer krevende tur enn Originalruta. Ruta har felles start med originalruta og går inn i Sørveggen etter hvert. Passer for deg som har klatret via ferrata tidligere eller [...]

Fýri Resort Hemsedal
